r of 54 and 45.
9
What is the greatest common factor of 17238 and 169?
169
What is the greatest common divisor of 1407 and 21?
21
What is the highest common divisor of 3852 and 36?
36
What is the greatest common factor of 44 and 16?
4
What is the greatest common divisor of 9546 and 444?
222
Calculate the greatest common factor of 451 and 55.
11
Calculate the greatest common divisor of 48 and 2896.
16
Calculate the greatest common factor of 35 and 3395.
35
Calculate the greatest common factor of 11 and 297.
11
Calculate the greatest common divisor of 70 and 25.
5
Calculate the greatest common factor of 118 and 2.
2
Calculate the highest common factor of 33183 and 27.
27
What is the highest common factor of 1842 and 10?
2
Calculate the highest common divisor of 96 and 18.
6
What is the highest common divisor of 64 and 544?
32
Calculate the greatest common divisor of 52 and 2444.
52
Calculate the greatest common factor of 582 and 9.
3
Calculate the highest common divisor of 4 and 68.
4
Calculate the highest common divisor of 3330 and 296.
74
Calculate the greatest common factor of 139 and 1.
1
Calculate the greatest common divisor of 2322 and 129.
129
What is the highest common divisor of 90 and 30?
30
Calculate the highest common divisor of 224 and 112.
112
What is the highest common divisor of 4 and 196?
4
What is the highest common divisor of 328 and 2132?
164
Calculate the highest common divisor of 1960 and 931.
49
Calculate the highest common factor of 180 and 20.
20
What is the highest common divisor of 2651 and 2169?
241
What is the greatest common factor of 2 and 136?
2
What is the highest common divisor of 520 and 256?
8
Calculate the greatest common factor of 80 and 180.
20
What is the highest common divisor of 180 and 12?
12
What is the highest common divisor of 15 and 15?
15
Calculate the greatest common factor of 25 and 1775.
25
What is the greatest common factor of 1666 and 392?
98
Calculate the highest common divisor of 18 and 846.
18
What is the greatest common factor of 50 and 6?
2
What is the highest common divisor of 490 and 2646?
98
Calculate the greatest common factor of 254 and 15748.
254
Calculate the highest common divisor of 88 and 7612.
44
What is the highest common factor of 909 and 404?
101
What is the greatest common factor of 5 and 15090?
5
Calculate the greatest common factor of 130 and 2093.
13
Calculate the greatest common divisor of 105 and 2865.
15
What is the greatest common divisor of 299 and 52?
13
What is the greatest common factor of 138 and 4278?
138
Calculate the greatest common factor of 91 and 117.
13
Calculate the greatest common divisor of 2536 and 104.
8
Calculate the highest common factor of 2 and 54.
2
Calculate the highest common divisor of 1206 and 11926.
134
What is the highest common factor of 46 and 1196?
46
What is the highest common factor of 374 and 68?
34
Calculate the greatest common divisor of 67 and 201.
67
What is the highest common divisor of 88 and 649?
11
What is the greatest common divisor of 29729 and 274?
137
Calculate the highest common divisor of 13 and 260.
13
What is the highest common divisor of 176 and 341?
11
Calculate the greatest common divisor of 47 and 1175.
47
What is the highest common factor of 1345 and 5?
5
Calculate the greatest common divisor of 8 and 1058.
2
Calculate the greatest common divisor of 672 and 192.
96
Calculate the highest common divisor of 2211 and 33.
33
What is the greatest common divisor of 227 and 1?
1
What is the greatest common factor of 520 and 1625?
65
Calculate the greatest common divisor of 10 and 11.
1
Calculate the highest common divisor of 26368 and 768.
256
What is the highest common factor of 42 and 651?
21
Calculate the highest common divisor of 2453 and 55.
11
Calculate the greatest common divisor of 36 and 69588.
36
Calculate the highest common factor of 697 and 287.
41
What is the greatest common factor of 60 and 2740?
20
What is the highest common factor of 28 and 10?
2
What is the greatest common factor of 59 and 4661?
59
What is the highest common factor of 780 and 52?
52
Calculate the greatest common factor of 65 and 6305.
65
Calculate the greatest common factor of 54 and 22482.
18
What is the greatest common factor of 1166 and 88?
22
Calculate the greatest common factor of 30 and 870.
30
Calculate the highest common divisor of 678 and 6.
6
Calculate the greatest common divisor of 106 and 9063.
53
Calculate the highest common divisor of 21 and 3711.
3
Calculate the greatest common factor of 28 and 70.
14
Calculate the highest common divisor of 112 and 49616.
112
Calculate the highest common factor of 1210 and 10.
10
What is the highest common factor of 44 and 99?
11
What is the highest common divisor of 322 and 690?
46
Calculate the greatest common divisor of 78 and 5018.
26
Calculate the greatest common divisor of 23760 and 648.
216
Calculate the greatest common divisor of 9 and 828.
9
Calculate the greatest common factor of 93 and 217.
31
What is the highest common divisor of 5865 and 136?
17
What is the greatest common divisor of 59 and 472?
59
What is the greatest common factor of 1161 and 9417?
129
Calculate the highest common factor of 13 and 299.
13
What is the greatest common factor of 444 and 5550?
222
What is the highest common factor of 417 and 139?
139
Calculate the greatest common divisor of 15 and 7080.
15
What is the greatest common factor of 11336 and 520?
104
What is the greatest common divisor of 5909 and 114?
19
Calculate the highest common factor of 48348 and 153.
153
What is the greatest common divisor of 3 and 453?
3
What is the greatest common factor of 10 and 490?
10
What is the greatest common divisor of 2415 and 69?
69
Calculate the greatest common factor of 14 and 17738.
14
What is the highest common factor of 833 and 245?
49
Calculate the highest common factor of 502 and 20.
2
What is the highest common divisor of 60 and 1740?
60
Calculate the greatest common factor of 616 and 88.
88
Calculate the highest common divisor of 132 and 96.
12
Calculate the greatest common factor of 3392 and 1792.
64
Calculate the greatest common factor of 328 and 8.
8
What is the greatest common factor of 679 and 97?
97
What is the highest common factor of 91 and 112?
7
What is the greatest common divisor of 20 and 90?
10
Calculate the highest common factor of 64 and 304.
16
What is the highest common factor of 3614 and 78?
26
What is the highest common divisor of 36 and 36?
36
Calculate the highest common divisor of 12 and 1788.
12
What is the greatest common factor of 26 and 234?
26
What is the highest common divisor of 17 and 901?
17
Calculate the greatest common factor of 25 and 775.
25
Calculate the greatest common divisor of 544 and 64.
32
Calculate the greatest common factor of 38 and 9101.
19
What is the greatest common factor of 15 and 1385?
5
What is the greatest common divisor of 77 and 210?
7
What is the highest common divisor of 1012 and 33?
11
What is the highest common factor of 120 and 1560?
120
Calculate the greatest common factor of 180 and 576.
36
Calculate the highest common factor of 72 and 200.
8
What is the highest common factor of 323 and 57?
19
What is the greatest common factor of 162 and 90?
18
What is the greatest common factor of 6 and 27?
3
Calculate the greatest common factor of 45 and 63.
9
What is the highest common divisor of 880 and 30?
10
Calculate the highest common factor of 7325 and 879.
293
What is the greatest common divisor of 1066 and 104?
26
What is the highest common factor of 32 and 164?
4
Calculate the greatest common divisor of 583 and 22.
11
Calculate the highest common divisor of 11 and 187.
11
What is the highest common divisor of 210 and 1806?
42
What is the highest common factor of 245 and 833?
49
Calculate the highest common divisor of 39 and 228.
3
Calculate the greatest common factor of 2068 and 88.
44
What is the highest common factor of 111 and 222?
111
What is the highest common factor of 5037 and 276?
69
What is the greatest common factor of 98 and 18522?
98
What is the highest common divisor of 16 and 112?
16
What is the highest common divisor of 55 and 176?
11
Calculate the greatest common divisor of 68 and 4.
4
Calculate the highest common divisor of 97